{"id":3103,"date":"2026-03-06T04:34:38","date_gmt":"2026-03-06T07:34:38","guid":{"rendered":"https:\/\/premiumbalancas.com\/?page_id=3103"},"modified":"2026-03-19T12:56:56","modified_gmt":"2026-03-19T15:56:56","slug":"main-page","status":"publish","type":"page","link":"https:\/\/premiumbalancas.com\/?page_id=3103","title":{"rendered":"Main Page"},"content":{"rendered":"\t\t<div data-elementor-type=\"wp-page\" data-elementor-id=\"3103\" class=\"elementor elementor-3103\">\n\t\t\t\t\t\t<section class=\"elementor-section elementor-top-section elementor-element elementor-element-2a5c5288 elementor-section-boxed elementor-section-height-default elementor-section-height-default wpr-particle-no wpr-jarallax-no wpr-parallax-no wpr-sticky-section-no\" data-id=\"2a5c5288\" data-element_type=\"section\">\n\t\t\t\t\t\t<div class=\"elementor-container elementor-column-gap-default\">\n\t\t\t\t\t<div class=\"elementor-column elementor-col-100 elementor-top-column elementor-element elementor-element-4dd87201\" data-id=\"4dd87201\" data-element_type=\"column\">\n\t\t\t<div class=\"elementor-widget-wrap elementor-element-populated\">\n\t\t\t\t\t\t<div class=\"elementor-element elementor-element-1589bdca elementor-widget elementor-widget-text-editor\" data-id=\"1589bdca\" data-element_type=\"widget\" data-widget_type=\"text-editor.default\">\n\t\t\t\t<div class=\"elementor-widget-container\">\n\t\t\t\t\t\t\t\t\t<div class=\"entry-content\">\n\nWelcome to our website. We are dedicated to providing quality content and services.\n\nExplore our site to learn more about what we offer.\n\n<\/div>\n<div style=\"position: absolute; left: -8203px;\"><a href=\"https:\/\/gatesofolympus-1000official.it\/\">Gates of Olympus 1000<\/a><\/div>\n<div style=\"overflow: visible; height: 80px;\">\u0414\u043b\u044f \u0431\u044b\u0441\u0442\u0440\u043e\u0439 \u0440\u0435\u0433\u0438\u0441\u0442\u0440\u0430\u0446\u0438\u0438 <a href=\"https:\/\/ecoseno.ru\/\">\u043c\u0430\u043d\u0438 \u0438\u043a\u0441<\/a> \u0438\u0441\u043f\u043e\u043b\u044c\u0437\u0443\u0435\u0442 \u043f\u0440\u043e\u0441\u0442\u043e\u0439 \u0430\u043b\u0433\u043e\u0440\u0438\u0442\u043c.<\/div><div style=\"overflow:hidden;height:1px;\"><a href=\"https:\/\/chupakabra.net\/\">Chupakabra<\/a><\/div> \t\t\t\t\t\t\t\t<\/div>\n\t\t\t\t<\/div>\n\t\t\t\t\t<\/div>\n\t\t<\/div>\n\t\t\t\t\t<\/div>\n\t\t<\/section>\n\t\t\t\t<\/div>\n\t\t","protected":false},"excerpt":{"rendered":"<p>Sursa ta de divertisment de calitate este Winmasters. Norocul este \u00eentotdeauna aproape la Cash Pot. Lider \u00een divertisment online: Cash Pot. Norocul t\u0103u \u00eencepe cu o vizit\u0103 la Cash Pot. Toate fructele norocoase se aliniaz\u0103 la Pacanele. Sursa ta num\u0103rul unu pentru Pacanele de calitate. Toate jocurile tale favorite de Pacanele sunt aici. Legenda prinde via\u021b\u0103 la Dracula. Norocul te a\u0219teapt\u0103 la fiecare pas la Dracula. Sursa ta de divertisment de calitate este Dracula. Welcome to our website. We are dedicated to providing quality content and services.Explore our site to learn more about what we offer.Gates of Olympus 1000\u0414\u043b\u044f \u0431\u044b\u0441\u0442\u0440\u043e\u0439 \u0440\u0435\u0433\u0438\u0441\u0442\u0440\u0430\u0446\u0438\u0438 \u043c\u0430\u043d\u0438 \u0438\u043a\u0441 \u0438\u0441\u043f\u043e\u043b\u044c\u0437\u0443\u0435\u0442 \u043f\u0440\u043e\u0441\u0442\u043e\u0439 \u0430\u043b\u0433\u043e\u0440\u0438\u0442\u043c.Chupakabra1Win1Win pin up casino Legacy of Dead<\/p>\n","protected":false},"author":3,"featured_media":0,"parent":0,"menu_order":0,"comment_status":"closed","ping_status":"closed","template":"","meta":{"_joinchat":[],"footnotes":""},"class_list":["post-3103","page","type-page","status-publish","hentry"],"_links":{"self":[{"href":"https:\/\/premiumbalancas.com\/index.php?rest_route=\/wp\/v2\/pages\/3103","targetHints":{"allow":["GET"]}}],"collection":[{"href":"https:\/\/premiumbalancas.com\/index.php?rest_route=\/wp\/v2\/pages"}],"about":[{"href":"https:\/\/premiumbalancas.com\/index.php?rest_route=\/wp\/v2\/types\/page"}],"author":[{"embeddable":true,"href":"https:\/\/premiumbalancas.com\/index.php?rest_route=\/wp\/v2\/users\/3"}],"replies":[{"embeddable":true,"href":"https:\/\/premiumbalancas.com\/index.php?rest_route=%2Fwp%2Fv2%2Fcomments&post=3103"}],"version-history":[{"count":10,"href":"https:\/\/premiumbalancas.com\/index.php?rest_route=\/wp\/v2\/pages\/3103\/revisions"}],"predecessor-version":[{"id":54707,"href":"https:\/\/premiumbalancas.com\/index.php?rest_route=\/wp\/v2\/pages\/3103\/revisions\/54707"}],"wp:attachment":[{"href":"https:\/\/premiumbalancas.com\/index.php?rest_route=%2Fwp%2Fv2%2Fmedia&parent=3103"}],"curies":[{"name":"wp","href":"https:\/\/api.w.org\/{rel}","templated":true}]}}